{"id":258,"date":"2024-09-04T22:42:51","date_gmt":"2024-09-04T20:42:51","guid":{"rendered":"https:\/\/lesbroutards.be\/?page_id=258"},"modified":"2024-09-04T22:42:51","modified_gmt":"2024-09-04T20:42:51","slug":"conditions-generales","status":"publish","type":"page","link":"https:\/\/lesbroutards.be\/index.php\/conditions-generales\/","title":{"rendered":"Conditions g\u00e9n\u00e9rales"},"content":{"rendered":"\n<p><strong>Voici quelques informations importantes concernant la vente :<\/strong><\/p>\n\n\n\n<ul class=\"wp-block-list\">\n<li><em>Le vendeur reste l&rsquo;\u00e9leveur, propri\u00e9taire et responsable de sa viande. L&rsquo;ASBL Les Broutards n&rsquo;est qu&rsquo;un facilitateur et une aide.<\/em><\/li>\n\n\n\n<li><em>En bas de ce formulaire,\u00a0 <u>n&rsquo;oubliez pas de cliquer sur le bouton \u00ab\u00a0Envoyer\u00a0\u00bb<\/u>. Vous recevrez alors automatiquement les informations pour le paiement.\u00a0Il nous arrive de recevoir des paiements sans qu&rsquo;un bon de r\u00e9servation nous soit parvenu.\u00a0Sans ces informations, nous\u00a0ne pourrons pas vous envoyer les mails concernant la distribution.\u00a0<\/em><\/li>\n\n\n\n<li><em>SEUL LE PAIEMENT VAUT RESERVATION, ne tardez pas \u00e0 payer (voir infos en bas de ce formulaire).<\/em><\/li>\n\n\n\n<li><em>Apr\u00e8s r\u00e9ception du paiement, vous recevrez une seconde confirmation de votre commande (pensez \u00e0 v\u00e9rifier dans vos <\/em>Ind\u00e9sirables\/Spams<em>).\u00a0<\/em><\/li>\n\n\n\n<li><em>Si vous avez pay\u00e9 et que tous les colis sont d\u00e9j\u00e0 vendus, vous serez avertis la veille de la distribution et\u00a0<u>rembours\u00e9s<\/u>, \u00e0 moins que vous ne souhaitiez profiter du colis suivant.\u00a0<\/em><\/li>\n\n\n\n<li><em>Les colis seront entrepos\u00e9s dans une chambre froide, \u00e0 temp\u00e9rature r\u00e9glementaire, en attendant que les clients viennent les r\u00e9cup\u00e9rer. La viande <u>bovine<\/u> est emball\u00e9e SOUS VIDE, ce qui permet la cong\u00e9lation. Vous pouvez \u00e9galement la conserver quelques jours au frigo pour la laisser maturer (voir date sur l&#8217;emballage).<\/em><\/li>\n\n\n\n<li><em>Pensez \u00e0 prendre des sacs-frigo ou des bacs pour le transport.<\/em><\/li>\n\n\n\n<li><em>Des\u00a0<strong>questions<\/strong>? Appelez le 0499\/73 48 78 ou envoyez un mail \u00e0 l&rsquo;adresse\u00a0<\/em>\u00a0<a href=\"mailto:lesbroutards.ventedirecte@gmail.com\">lesbroutards.ventedirecte@gmail.com<\/a><\/li>\n\n\n\n<li><em>Derni\u00e8res infos et questions sur la page Facebook\u00a0\u00a0<\/em><a href=\"https:\/\/www.facebook.com\/lesbroutards\">https:\/\/www.facebook.com\/lesbroutards<\/a><\/li>\n<\/ul>\n","protected":false},"excerpt":{"rendered":"<p>Voici quelques informations importantes concernant la vente :<\/p>\n","protected":false},"author":1,"featured_media":0,"parent":0,"menu_order":0,"comment_status":"closed","ping_status":"closed","template":"","meta":{"footnotes":""},"class_list":["post-258","page","type-page","status-publish","hentry"],"_links":{"self":[{"href":"https:\/\/lesbroutards.be\/index.php\/wp-json\/wp\/v2\/pages\/258","targetHints":{"allow":["GET"]}}],"collection":[{"href":"https:\/\/lesbroutards.be\/index.php\/wp-json\/wp\/v2\/pages"}],"about":[{"href":"https:\/\/lesbroutards.be\/index.php\/wp-json\/wp\/v2\/types\/page"}],"author":[{"embeddable":true,"href":"https:\/\/lesbroutards.be\/index.php\/wp-json\/wp\/v2\/users\/1"}],"replies":[{"embeddable":true,"href":"https:\/\/lesbroutards.be\/index.php\/wp-json\/wp\/v2\/comments?post=258"}],"version-history":[{"count":1,"href":"https:\/\/lesbroutards.be\/index.php\/wp-json\/wp\/v2\/pages\/258\/revisions"}],"predecessor-version":[{"id":259,"href":"https:\/\/lesbroutards.be\/index.php\/wp-json\/wp\/v2\/pages\/258\/revisions\/259"}],"wp:attachment":[{"href":"https:\/\/lesbroutards.be\/index.php\/wp-json\/wp\/v2\/media?parent=258"}],"curies":[{"name":"wp","href":"https:\/\/api.w.org\/{rel}","templated":true}]}}